te?
True
Let r(c) = c**2 - 79*c + 5. Is r(-59) composite?
False
Suppose 18570 - 2322 = 4*k. Suppose -2326 = -4*s + k. Is s composite?
False
Let a(d) = -d**3 - 7*d**2 + 5*d + 9. Let q be a(-6). Let s = -248 - q. Let n = 549 + s. Is n a composite number?
True
Let d(s) = -1933*s. Let y be d(1). Let x = y - -2745. Suppose i - x = -3*i. Is i a composite number?
True
Suppose -155*m + 331189 = -136*m. Is m composite?
False
Let o(k) = k - 14. Let b be o(7). Let j(p) = p**2 + 7*p + 3. Let n be j(b). Suppose 0 = 5*i - m - m - 36, -n*i + 30 = -4*m. Is i a composite number?
True
Let w(u) = 43*u - 25. Let f be w(8). Suppose 0*q = -q + f. Is q a prime number?
False
Suppose t = 3*v - 48734, 2*v = 6*v - 3*t - 64987. Is v prime?
False
Suppose 11*i + 44697 = 14*i. Is i a prime number?
False
Suppose -3*y = y - 4*v - 74056, 74060 = 4*y - 2*v. Is (2/(-3))/((-2)/y*4) composite?
False
Is 2*(-40616)/64*-4 a prime number?
True
Suppose -961 + 292 = -3*x. Let u = -87 + 91. Suppose x = u*v - 25. Is v a prime number?
False
Let h be 3/9 - 3*6/54. Suppose h = 8*n - 1091 - 2805. Is n composite?
False
Let q = -11679 - -6876. Let v(p) = 2*p + 6. Let o be v(-8). Is q/(-39) - o/(-65) a composite number?
True
Suppose 4*b - 21831 = 5*a - 7099, 4*b - 3*a - 14732 = 0. Is b composite?
True
Let v = 21 - 19. Suppose 3*d - 525 = -j + d, 4*d = v*j - 1034. Is j composite?
False
Suppose -12*r + 20103 = -38133. Is r a prime number?
False
Let j(k) be the second derivative of 0 - 5*k**2 + 13/6*k**3 + 9*k + 5/4*k**4 + 1/20*k**5. Is j(-11) a prime number?
True
Let x(p) = p + 1. Let k be x(2). Suppose k*d - 4*c = d, -d - c + 15 = 0. Is d prime?
False
Let y(m) = 2*m**3 - 30*m**2 - m + 9. Is y(16) a prime number?
False
Let a = 6 - 28. Let z = 52 + a. Suppose -m + 9 = -z. Is m a prime number?
False
Let y(r) = -r**3 + 12*r**2 + r - 8. Let g be y(12). Let x = 2084 - 1445. Suppose 2*u = 3*p - x, g*p - 829 = -u - 4*u. Is p composite?
False
Let d be (1/4)/(1/4). Is (d/(-2)*-318)/1 prime?
False
Let t = 528 - 524. Let r(j) = -j**3 + 4*j**2 + 7*j - 6. Let b be r(5). Suppose 3*c + 1536 = 7*c + t*q, 2*c - 774 = -b*q. Is c prime?
False
Suppose 5*i = 5*b + 286 + 264, 0 = 4*i + 2*b - 446. Let a = i - -1348. Is a a prime number?
True
Let g(l) be the third derivative of 17*l**5/30 - l**4/4 - 5*l**3/6 - 9*l**2. Is g(5) composite?
True
Let y be (-1)/(-2) + (-3)/(-2). Suppose 3*h + 1021 = -2*r, y*r - 2*h = -r - 1512. Let l = -241 - r. Is l composite?
True
Let a(s) = -6*s + 4. Let y be a(3). Let d be y/(-49) + (-1188)/(-7). Suppose 2*x - d = 4*c, -5*x - 2*c + 443 = 54. Is x a composite number?
False
Let j = 13011 - 6892. Is j a prime number?
False
Let f(p) = 53*p - 40. Let c(a) = -a**3 - 3*a**2 + 8*a - 1. Let m be c(-5). Is f(m) a prime number?
False
Suppose 4816 = 2*k - 0*z - 3*z, -9652 = -4*k - 4*z. Is k composite?
False
Is (85076/6)/((-110)/(-1815)) a composite number?
True
Let h(o) be the first derivative of 5*o**4/2 - 11*o**3/3 - o**2 + 8*o - 22. Is h(5) a prime number?
False
Let r(s) = -s**3 + 5*s**2 + 6*s + 8. Let l(w) = 3*w**2 - 2*w - 2. Let z be l(2). Let o be r(z). Suppose d + b = o, -3*b + 2 = 8. Is d composite?
True
Suppose h + 14 = -5*p + 1, 0 = -3*h - 5*p - 29. Let s(r) be the second derivative of r**4/3 - r**3/6 - 5*r**2/2 - 4*r. Is s(h) prime?
False
Suppose 0 = 3*j - 10*j + 98. Let v(h) = h**2 - 9*h + 9. Is v(j) a composite number?
False
Let g(d) be the second derivative of -10*d**3 - d**2/2 + 8*d. Let t(i) = i**3 + 11*i**2 + 10*i - 1. Let h be t(-10). Is g(h) composite?
False
Let h be ((-2915)/(-4))/(1/4). Let a be h - ((3 - 4) + 4). Suppose -4*f - 188 = -a. Is f composite?
True
Let j(v) = -1152*v + 385. Is j(-9) a prime number?
True
Suppose -439 = 8*b - 15295. Let g = b - -66. Is g a composite number?
True
Let h(a) be the second derivative of 7*a**3 + 3*a**2/2 - 6*a. Is h(2) a composite number?
True
Let m(f) = 28535*f - 197. Is m(2) a composite number?
False
Let b(l) = -2*l + 32. Let z be b(12). Is 4/(-2)*((-684)/z)/3 prime?
False
Is (-1 - -7023)*(-6 + 65/10) a prime number?
True
Let f(r) = 1053*r + 124. Is f(14) a prime number?
False
Let x(b) = 2*b**3 + 15*b**2 - 22*b + 34. Let n(h) = -5*h**3 - 29*h**2 + 44*h - 68. Let p(w) = 3*n(w) + 7*x(w). Is p(15) composite?
False
Let o(h) = 119*h - 11. Let u be o(5). Let j be (1*25)/((-1)/(-5)). Let t = u + j. Is t prime?
True
Suppose 0 = 3*s - 5*s - 6, -4*s = 3*g - 9417. Is g a prime number?
False
Suppose 33 = -16*u + 81. Suppose o + 185 = u*o - m, m = -5*o + 480. Is o a prime number?
False
Suppose -1 = -v, 2*w - 5*v + 2*v = -923. Let j = w - -1542. Is j composite?
True
Suppose 3 - 23 = -4*v. Suppose v*u - u = 3*x - 1911, 4*u = -2*x + 1294. Is x a composite number?
False
Suppose 3*x - 2*a - 29 = 0, -3*x - 9 = -6*x - 3*a. Suppose -13*r + x*r = -8454. Is r composite?
False
Suppose -36*d = -33*d - 1140. Suppose 0 = -2*m + d + 978. Is m a composite number?
True
Let k(r) = 5*r**2 - 11*r + 4. Let v be k(7). Suppose -u = v - 1049. Is 9/(-3) + u + -3 a prime number?
False
Suppose 13*g + 7299 - 152938 = 0. Is g a composite number?
True
Let k(r) = -r**3 - 3*r**2 + 2*r + 4. Let q be k(-3). Is 177*((-44)/(-12) - q) a prime number?
False
Let h(x) = 12 + 2*x - 29 + 12 + 6. Let w = -5 - -24. Is h(w) composite?
True
Let m(c) = -139*c + 26. Let g be m(-6). Suppose 0*d = -4*i + 3*d - 1600, 5*d = -i - 423. Let o = g + i. Is o composite?
False
Let v(f) = 15*f**3 - 4*f**2 + 27*f - 247. Is v(7) composite?
True
Let b = -4 - -7. Let d = 0 + b. Suppose -672 = -2*u - 8*m + d*m, -3*u + 4*m + 985 = 0. Is u a prime number?
True
Let b(q) = 764*q**2 - 4*q - 1. Let h(s) = s**3 + 5*s**2 + 4*s - 1. Let c be h(-4). Is b(c) prime?
False
Let w = -14183 + 28876. Is w a prime number?
False
Let n(r) be the first derivative of -23*r**4/2 + r**3 - 2*r**2 + r + 17. Is n(-3) a composite number?
True
Let y(c) = 46*c**2 - 3*c + 5. Let u(n) = 23*n**2 - n + 3. Let b(i) = 5*u(i) - 2*y(i). Let p(d) be the first derivative of b(d). Is p(4) a composite number?
True
Let m(u) = 2*u**3 + 5*u**2 - 4*u - 5. Let g be m(-4). Let x = -23 - g. Is (-1413)/(-21) + (-4)/x composite?
False
Let p(q) = 43*q**2 + 25*q + 305. Is p(-17) a composite number?
True
Let m(l) = l + 14. Suppose -u - 23 = -t - 2*t, 4*u + 64 = 5*t. Let b be m(u). Let w = 80 + b. Is w a composite number?
False
Suppose 2*z = 28 + 26. Let f = z + -21. Suppose -f*i = -5*i - 95. Is i composite?
True
Let n(j) = j**2 - 9*j - 11. Let b(v) = v + 12. Let g be b(-9). Suppose w + 0*w + 2*s - 13 = 0, -5*s - 28 = -g*w. Is n(w) a prime number?
True
Let b be (-4)/((-4)/1)*-13. Let s(d) = 19*d - 3. Let q(k) = 9*k - 2. Let l(p) = -5*q(p) + 2*s(p). Is l(b) a prime number?
False
Let f(g) = g**2 + 135. Let j be f(0). Let r = 329 - j. Is r a composite number?
True
Let a = -826 - -1527. Is a a prime number?
True
Let x(m) = m**3 - 10*m**2 + 10*m - 7. Let v be x(9). Let g be 20/6*5406/85. Suppose 6*u - v*u = g. Is u a prime number?
True
Suppose -40 = -4*a + 2*a. Let t be 18/(-12)*a/(-6). Suppose -2*v = -2*i + i + 115, 4*v - 575 = -t*i. Is i prime?
False
Let o(p) = -2*p**3 - 21*p**2 + 2*p + 31. Is o(-16) prime?
False
Let v(p) = -p**3 + 31*p**2 - 32*p - 91. Let d be v(30). Suppose -5*s - 285 = -h, h + 0*s = -4*s + 294. Let z = h + d. Is z a composite number?
False
Let t = -4 - -9. Suppose t*c = 217 + 6748. Is c a composite number?
True
Is 5/10*(17818 + 28) prime?
True
Suppose 6588 - 2322 = 6*d. Let r = d - 452. Is r prime?
False
Suppose 2*c - 4*y - 134 = -2340, 0 = c - 4*y + 1093. Is (0 - 3/(-1))*c/(-9) prime?
False
Let o(d) = -116*d**2 - 12*d - 22. Let v(n) = 117*n**2 + 13*n + 23. Let g(c) = -6*o(c) - 5*v(c). Is g(-4) prime?
False
Suppose 1344 = 4*a - 2*b, 2*a + 3*b = -a + 999. Suppose -a = -x + 1136. Is x composite?
False
Let g(z) = 15716*z + 135. Is g(2) a prime number?
True
Suppose 20 = k + 2*l, 4*k + l - 3*l = 100. Is -2019*(-4)/k*2 prime?
True
Is (-261396)/(-54)*(-6)/(-4) a composite number?
True
Is (-329877)/(2*(-9)/6) prime?
False
Let b(l) = l + 3. Let u be b(3). Suppose -i - u + 80 = 0. Is i composite?
True
Suppose -2*z + 1 = -1743. Suppose -3*d = -z - 187. Is d prime?
True
Let g be (-19)/19*6/2. Let d(a) = 11*a**2 + 6*a + 4. Let q(t) = 11*t**2 + 7*t + 4. Let b(v) = 3*d(v) - 2*q(v). Is b(g) a composite number?
True
Let j(z) = 2*z**2 - 3*z - 4. Let r(v) = v - 11. Let